ivided by o?
1
Suppose 2*i - 19 = 5*p, -5*i + 2*p + 12 = -2*i. Suppose -i*y + 539 - 192 = 3*c, y = -c + 115. What is the remainder when c is divided by (-4 - 9/(-2))*34?
15
What is the remainder when -276*16/((-512)/40) is divided by 169?
7
Let k = 395 - 447. Let z = 6 - 3. Calculate the remainder when (z - (-123)/(-39)) + (-1204)/k is divided by 3.
2
Let o(d) = -7*d + 87. Let k be o(16). Calculate the remainder when 152 is divided by k/10*310/(-25).
28
Suppose -14*y = 41*y - 564 - 316. What is the remainder when 312 is divided by y?
8
Suppose -16*k - 1861 = -5861. Let t = -196 + k. Calculate the remainder when t is divided by 21.
12
Let j = 9106 + -8992. What is the remainder when 227 is divided by j?
113
Let s = 36162 + -35982. What is the remainder when 7916 is divided by s?
176
Let i(g) = -12*g - 50. Let r be i(-4). Let b(f) = -42*f - 43. Calculate the remainder when 163 is divided by b(r).
40
Let p(y) = 264*y + 5626. What is the remainder when p(-19) is divided by 285?
40
What is the remainder when 3061/9 - 151/1359 is divided by 87?
79
Let y = -1380 + 1470. What is the remainder when 532 is divided by y?
82
Suppose -3*t = w - 31, 3*t + 46 + 95 = 3*w. Let h = w - 25. Let r(u) = -u**3 + 38*u**2 + 58*u - 2192. Calculate the remainder when h is divided by r(38).
6
Suppose 0 = -5*b - 4*l + 36, -9 = -2*b + 4*l - 17. Suppose -3*x = 2*q - 56, 2*q - b*x - 32 = -x. What is the remainder when q is divided by 4?
2
Let o(z) = 2*z**3 + 3*z + 3. What is the remainder when 70 is divided by o(0)?
1
Let a be (-2)/14 + (-1034)/14. Let o = 77 + a. Suppose -o*w + 130 = -59. Calculate the remainder when w is divided by 14.
7
Let p(v) = -3*v**3 - 49*v**2 + 15*v - 21. Let r = 5 - -14. Calculate the remainder when p(-17) is divided by r.
17
Calculate the remainder when 192 is divided by (-315)/(-45) + (1 - (-6 + -1)).
12
What is the remainder when 192 is divided by 14 + 3 + -16 + 19?
12
Let x(w) = -w**2 - 14*w - 2. Let d be x(-11). Suppose 2*y = 41 + d. Let p = y + -26. What is the remainder when 19 is divided by p?
9
Let r(c) = c**3 + 7*c**2 - 12*c + 3. What is the remainder when 2591 is divided by r(2)?
11
Suppose 58 = 4*g - 2*g. Suppose h + 85 = 134. Suppose 3*q - h = -f, -12*q - 5*f + 85 = -7*q. What is the remainder when g is divided by q?
13
Suppose 11*g + 1187 - 3442 = 0. Let v = 353 - g. Calculate the remainder when v is divided by 76.
72
Let c(m) = -m**3 + 18*m**2 - 62*m + 212. Calculate the remainder when 1168 is divided by c(12).
172
Let u = 28 + -1. Suppose -6*i + u + 45 = 0. Calculate the remainder when ((-18)/15)/(i/(-440)) is divided by 15.
14
Suppose -5*h + u = -7, -202*h - 5*u = -204*h - 11. Calculate the remainder when 97 is divided by h.
1
Let u(g) be the first derivative of g**4/4 + 17*g**3/3 + 6*g**2 - 53*g + 149. Calculate the remainder when 47 is divided by u(-16).
3
Let b(j) = -23*j + 25. Let h(f) = -2*f**2 - f + 12. Suppose 5*c + 28 = 28. Calculate the remainder when b(-3) is divided by h(c).
10
Let r be (4/3)/(287/(-42) + 7). Suppose -r*k - 70 = -15*k. Let t = -40 + 74. Calculate the remainder when t is divided by k.
4
Let g be (4 - (130 - 0)) + 0. Let v = g + 56. Let a = v + 106. What is the remainder when 95 is divided by a?
23
Let n(x) = -4*x**2 - 35*x - 39. Let i(q) = -2*q**3 - q**2 + 3*q + 4. What is the remainder when i(-4) is divided by n(-6)?
23
Suppose 328 = 29*j - 73 + 111. Calculate the remainder when 81 is divided by j.
1
Let c(b) = b**3 - 7*b**2 + 4*b - 4. What is the remainder when c(8) is divided by 820/21 + (-212)/4452?
14
Suppose -13*p = -6017 - 4513 - 6851. Calculate the remainder when p is divided by 330.
17
Let n be -2 - 21/(-3 - 0). Suppose 5*x = -5*u + 115, -2*u - 3*x = -n*u + 39. Suppose 0 = -4*c + 7*c - 90. Calculate the remainder when c is divided by u.
12
Suppose -15*l - 48 = -21*l. Suppose 4*y = -5*h + 245, 5*h + y = 129 + 101. What is the remainder when h is divided by l?
5
Let d = 195 + -171. Calculate the remainder when (22/(-6))/(2/(-78)) is divided by d.
23
Let y = 4561 - 4391. Calculate the remainder when 508 is divided by y.
168
Suppose -45 = 3*l - 27. Let f(s) = 8*s**2 + 28*s + 138. Calculate the remainder when f(l) is divided by 65.
63
Suppose 4 = -4*x + 56. What is the remainder when ((-12)/(-2) - (-238 + 76)) + -14 is divided by x?
11
What is the remainder when 2445 is divided by (404/(-303))/(1/(-27))?
33
Let q = 4669 + -4613. Calculate the remainder when 369 is divided by q.
33
Suppose -8*l + 452 + 220 = 0. Let a = l + -43. Calculate the remainder when a is divided by 23.
18
Let n be (-47)/(-7) + (-10)/(-35). Suppose 0 = -h + m - n, h = -h - 5*m. What is the remainder when 3/h + (324/15 - -3) is divided by 15?
9
Suppose 0 = -2*j - j - 21. Let u = j + 17. Suppose -261 - 55 = -158*n. Calculate the remainder when u is divided by n.
0
Suppose 83*o = -56*o + 39893. Calculate the remainder when o is divided by 27.
17
Let s = 25100 - 25022. What is the remainder when 4749 is divided by s?
69
Suppose 7*q - 450 = 10*q. Let l be q/(-60) - (-1)/2. Suppose d - 124 = -l*d. What is the remainder when 122 is divided by d?
29
Let b be ((-8)/40)/(4/20). Let n(z) = -43*z**3 - 2*z**2 - 2*z. What is the remainder when n(b) is divided by 9?
7
Let f(n) = n**3 + 11*n**2 - 9*n - 44. What is the remainder when f(-10) is divided by 4?
2
Let u be (-10432)/(-16)*1/(-2). Let y = u - -533. Calculate the remainder when y is divided by 18.
9
Let o be (-3291 - (-6)/3) + 10 + -6. Calculate the remainder when (-1)/(-3) + (5 - o/27) is divided by 5.
2
Suppose -105 = -6*v - 21. Suppose v*a - 339 = 11*a. What is the remainder when a is divided by 15?
8
Let g(c) = -62*c + 3335. What is the remainder when g(52) is divided by 228/5 - 4/(-10)?
19
Let l = 1701 - 1694. Calculate the remainder when 7 is divided by l.
0
Let w = 3614 + -5582. Calculate the remainder when (w/(-26))/2 - 18/(-117) is divided by 1.
0
Calculate the remainder when 1822 is divided by ((42/(-105))/((-4)/(-365)))/((-2)/4).
70
Let u(i) = 16*i**2 - 120*i + 1156. Calculate the remainder when u(9) is divided by 81.
76
Let d = 641 - -141. Suppose 3*b + 299 = 15*w - 13*w, 4*b = -5*w + d. What is the remainder when w is divided by 54?
46
Let z = 12673 + -12600. Calculate the remainder when 4/(-14) + (-3061)/(-7) is divided by z.
72
Let i(q) = -q**2 - 16*q - 13. Suppose 2*n = 3*m + 39, -4*m - 18 = -3*m + n. Let v be i(m). Calculate the remainder when 35 is divided by -1 - -8 - 5/((-5)/v).
8
Suppose -4*x - 44 = 3*g + g, -5*g - 5 = 0. Let a(r) = -55*r + 196. Let n be a(4). Calculate the remainder when 9 is divided by n/x*(1/(-2) - -3).
3
Suppose 0*u + 3*u - 267 = 0. Let m = -43 + u. Calculate the remainder when m is divided by (-24 + 8)*3/(-18)*3.
6
Suppose -t + 4*f = -5*t + 16, -4*f = -4*t + 16. What is the remainder when 23 is divided by (t - 8)/(-4 + 30/9)?
5
Let h = 377 + -346. Let r(d) = d**2 - 26*d + 149. Calculate the remainder when r(h) is divided by 61.
60
Let u(s) = s**2 + 7*s + 7. Let v be (1*-3)/((-12)/8)*-4. Calculate the remainder when 116 is divided by u(v).
11
Let q be 2/4*0/6. Let k be (-304 + (2 - q))/((-8)/4). Suppose 5*x + 292 = 3*m, k = -5*m - 2*x + 679. What is the remainder when m is divided by 36?
32
Let x = 13428 - 13253. Calculate the remainder when 671 is divided by x.
146
Let r(j) = -2*j. Let s be r(2). Let z be -2*-7*2/s. Let u(o) = -o**2 - 10*o - 6. Calculate the remainder when 40 is divided by u(z).
10
Let c = 256 - 259. What is the remainder when 66 is divided by 24 - (4 + (c - 1))*-1?
18
What is the remainder when 771 is divided by ((-82)/4)/(19 - 156/8)?
33
Let q(x) = x**2 - 35*x - 53. Let m = 174 + -137. Calculate the remainder when 80 is divided by q(m).
17
Suppose -15*v + 9*v + 204 = 0. Let l(p) = -4 + p**2 + 33*p**3 - 4*p + 1 - v*p**3. What is the remainder when 48 is divided by l(-2)?
14
Let j(o) = -o**3 - 20*o**2 + 17*o + 19. Let c be j(-20). Let i be c*(-4 + 6 + -3). Suppose -i - 113 = -14*g. Calculate the remainder when 59 is divided by g.
28
Let n(l) = l**2 + 12*l + 381. Let i be (2 + 0 + -2)/((-50)/(-50)). Calculate the remainder when n(i) is divided by 16.
13
Let g = 1008 - 442. What is the remainder when g is divided by 32?
22
Let f(z) = -49*z + 17. Suppose -538*x + 536*x = 0. What is the remainder when ((-8)/6)/(1/(-33)) is div